ple of 119?
False
Is 331 a factor of 22823?
False
Does 41 divide 964?
False
Does 45 divide 4094?
False
Does 8 divide 56?
True
Is 4736 a multiple of 58?
False
Does 46 divide 740?
False
Is 26 a factor of 907?
False
Does 25 divide 259?
False
Is 2438 a multiple of 13?
False
Does 7 divide 6388?
False
Does 34 divide 374?
True
Does 23 divide 897?
True
Does 14 divide 56?
True
Is 71 a factor of 247?
False
Is 131 a multiple of 2?
False
Does 4 divide 39?
False
Is 4940 a multiple of 30?
False
Does 22 divide 16368?
True
Does 4 divide 24?
True
Is 47 a factor of 1010?
False
Is 8 a factor of 2865?
False
Is 2662 a multiple of 51?
False
Is 19700 a multiple of 76?
False
Does 84 divide 1635?
False
Is 10296 a multiple of 72?
True
Is 19155 a multiple of 32?
False
Does 13 divide 282?
False
Does 24 divide 2490?
False
Does 30 divide 1074?
False
Is 10 a factor of 1852?
False
Is 3232 a multiple of 101?
True
Is 34 a factor of 7752?
True
Is 2312 a multiple of 34?
True
Does 27 divide 434?
False
Does 39 divide 7956?
True
Is 12 a factor of 548?
False
Is 30780 a multiple of 36?
True
Is 5 a factor of 104?
False
Is 14 a factor of 1156?
False
Is 1353 a multiple of 33?
True
Does 23 divide 621?
True
Is 1214 a multiple of 14?
False
Is 592 a multiple of 9?
False
Does 27 divide 1782?
True
Is 42 a factor of 336?
True
Does 51 divide 558?
False
Does 56 divide 2058?
False
Does 29 divide 174?
True
Is 689 a multiple of 64?
False
Does 7 divide 59?
False
Is 540 a multiple of 72?
False
Is 14 a factor of 95?
False
Is 1396 a multiple of 44?
False
Does 24 divide 456?
True
Is 9 a factor of 414?
True
Is 3870 a multiple of 30?
True
Is 19209 a multiple of 174?
False
Does 18 divide 14058?
True
Is 6 a factor of 2364?
True
Does 40 divide 16840?
True
Does 75 divide 10875?
True
Is 1253 a multiple of 25?
False
Is 2457 a multiple of 13?
True
Is 3507 a multiple of 7?
True
Does 5 divide 13925?
True
Is 1919 a multiple of 17?
False
Is 19 a factor of 4066?
True
Is 6663 a multiple of 27?
False
Does 225 divide 61875?
True
Does 49 divide 9375?
False
Does 104 divide 964?
False
Is 30 a factor of 21010?
False
Does 123 divide 5412?
True
Is 11 a factor of 745?
False
Is 12 a factor of 2760?
True
Is 161 a multiple of 2?
False
Does 106 divide 3604?
True
Does 11 divide 374?
True
Does 10 divide 106?
False
Does 33 divide 68381?
False
Is 3181 even?
False
Does 4 divide 4500?
True
Does 74 divide 171?
False
Is 38 a factor of 760?
True
Does 10 divide 2737?
False
Is 17 a factor of 19482?
True
Is 15648 a multiple of 163?
True
Is 2596 a multiple of 12?
False
Is 11 a factor of 1903?
True
Is 10800 a multiple of 90?
True
Is 13 a factor of 1287?
True
Is 91 a factor of 6370?
True
Is 40304 a multiple of 138?
False
Is 13 a factor of 4254?
False
Is 11 a factor of 182?
False
Is 27 a factor of 31158?
True
Is 15 a factor of 749?
False
Is 26640 a multiple of 18?
True
Is 1089 a multiple of 99?
True
Is 4845 a multiple of 15?
True
Is 20190 a multiple of 33?
False
Is 13 a factor of 9217?
True
Is 36 a factor of 2436?
False
Does 15 divide 283?
False
Is 3 a factor of 591?
True
Does 29 divide 9942?
False
Is 16 a factor of 334?
False
Is 14 a factor of 410?
False
Is 19 a factor of 5738?
True
Does 9 divide 2754?
True
Is 19020 a multiple of 28?
False
Is 12675 a multiple of 36?
False
Does 28 divide 168?
True
Is 7852 a multiple of 16?
False
Is 31 a factor of 4145?
False
Is 1012 a multiple of 28?
False
Is 13 a factor of 44702?
False
Does 8 divide 7032?
True
Is 72550 a multiple of 50?
True
Is 20 a factor of 29459?
False
Is 10 a factor of 1814?
False
Does 65 divide 6216?
False
Does 312 divide 90009?
False
Is 23 a factor of 560?
False
Is 576 a multiple of 18?
True
Is 2951 a multiple of 227?
True
Is 1373 a multiple of 12?
False
Does 52 divide 1404?
True
Is 10 a factor of 80530?
True
Is 64 a multiple of 2?
True
Does 11 divide 29501?
False
Is 221 a multiple of 2?
False
Is 130 a factor of 3883?
False
Is 8 a factor of 200?
True
Is 638 a multiple of 4?
False
Is 346 a multiple of 11?
False
Is 25 a factor of 5650?
True
Does 24 divide 504?
True
Is 405 a multiple of 9?
True
Is 8668 a multiple of 28?
False
Is 117 a factor of 11583?
True
Does 20 divide 54731?
False
Is 175 a factor of 4111?
False
Is 345 a factor of 46230?
True
Is 9 a factor of 3816?
True
Does 6 divide 306?
True
Is 314 a factor of 91219?
False
Is 156 a factor of 7800?
True
Does 9 divide 99?
True
Is 74 a factor of 65190?
False
Is 40 a factor of 800?
True
Is 11 a factor of 979?
True
Is 18834 a multiple of 17?
False
Does 5 divide 1950?
True
Is 13 a factor of 247?
True
Does 10 divide 640?
True
Does 119 divide 48580?
False
Is 24617 a multiple of 11?
False
Does 42 divide 588?
True
Does 14 divide 756?
True
Does 25 divide 59830?
False
Is 124 a factor of 11532?
True
Is 17381 a multiple of 27?
False
Is 1794 a multiple of 23?
True
Does 7 divide 405?
False
Is 6498 a multiple of 57?
True
Is 32496 a multiple of 396?
False
Does 33 divide 8349?
True
Is 19 a factor of 95?
True
Is 1650 a multiple of 70?
False
Is 651 a multiple of 31?
True
Is 251 a multiple of 4?
False
Does 187 divide 10053?
False
Is 6630 a multiple of 10?
True
Is 16 a factor of 2941?
False
Does 80 divide 10880?
True
Is 650 a multiple of 39?
False
Does 10 divide 900?
True
Does 6 divide 108?
True
Is 12000 a multiple of 20?
True
Does 12 divide 12802?
False
Is 23 a factor of 2029?
False
Is 475 a multiple of 22?
False
Is 118 a factor of 99296?
False
Is 89 a factor of 3398?
False
Does 5 divide 538?
False
Is 39 a factor of 2394?
False
Is 94 a factor of 17860?
True
Is 163 a factor of 2729?
False
Is 44688 a multiple of 56?
True
Is 15 a factor of 2130?
True
Does 23 divide 4439?
True
Is 21 a factor of 7308?
True
Does 33 divide 12771?
True
Is 7 a factor of 2609?
False
Is 312 a multiple of 39?
True
Is 48 a factor of 149664?
True
Is 37 a factor of 935?
False
Is 91258 a multiple of 103?
True
Does 78 divide 55614?
True
Is 3 a factor of 11518?
False
Is 18 a factor of 42480?
True
Is 260 a multiple of 5?
True
Is 1600 a multiple of 64?
True
Does 8 divide 79560?
True
Does 39 divide 951?
False
Is 3 a factor of 15598?
False
Is 2 a factor of 3929?
False
Is 576 a multiple of 8?
True
Does 16 divide 1696?
True
Is 209 a multiple of 15?
False
Is 64 a factor of 112702?
False
Is 150 a factor of 37726?
False
Is 3 a factor of 13723?
False
Is 73 a factor of 661?
False
Is 182 a factor of 32760?
True
Is 7 a factor of 112?
True
Is 11 a factor of 3346?
False
Does 17 divide 255?
True
Is 1824 a multiple of 16?
True
Is 3 a factor of 272?
False
Is 78 a factor of 3276?
True
Is 22695 a multiple of 15?
True
Does 28 divide 4508?
True
Does 11 divide 6149?
True
Does 62 divide 14244?
False
Is 15 a factor of 1275?
True
Does 64 divide 4415?
False
Does 11 divide 14644?
False
Does 15 divide 2760?
True
Is 42 a multiple of 5?
False
Does 13 divide 5824?
True
Is 60 a factor of 6180?
True
Does 89 divide 417?
False
Is 3212 a multiple of 23?
False
Is 138 a multiple of 69?
True
Does 8 divide 40621?
False
Is 21 a factor of 63?
True
Does 44 divide 44?
True
Does 53 divide 40863?
True
Does 62 divide 33914?
True
Is 9580 a multiple of 57?
False
Does 11 divide 1250?
False
Is 305 a factor of 10675?
True
Is 21120 a multiple of 96?
True
Does 46 divide 9089?
False
Is 117 a factor of 7487?
False
Is 863 a multiple of 18?
False
Does 51 divide 340?
False
Is 783 a multiple of 87?
True
Is 12669 a multiple of 2?
False
Does 10 divide 34080?
True
Is 21552 a multiple of 16?
True
Does 5 divide 47398?
False
Is 29362 a multiple of 53?
True
Does 12 divide 320?
False
Is 4368 a multiple of 42?
True
Is 1155 a multiple of 33?
True
Does 10 divide 750?
True
Is 11 a factor of 317?
False
Is 1300 a multiple of 10?
True
Is 4088 a multiple of 8?
True
Does 97 divide 208?
False
Does 179 divide 10561?
True
Does 11 divide 18977?
False
Does 24 divide 248?
False
Is 20 a factor of 38140?
True
Is 1600 a multiple of 16?
True
Does 72 divide 23431?
False
Does 8 divide 1680?
True
Is 2464 a multiple of 28?
True
Is 860 a multiple of 10?
True
Does 12 divide 26484?
True
Does 4 divide 577?
False
Is 171296 a multiple of 16?
True
Is 78 a factor of 8496?
False
Is 7574 a multiple of 22?
False
Is 114 a multiple of 57?
True
Is 9 a factor of 10451?
False
Is 488 a multiple of 24?
False
Does 21 divide 181?
False
Is 875 a multiple of 8?
False
Is 17515 a multiple of 31?
True
Do